 a(-5). Suppose q + 0 - 2 = l. Suppose -q*h - 2*h + 364 = 0. Is h composite?
True
Suppose -1074 = -h - 4*z + 1543, -5*h + 2*z + 12997 = 0. Let g = -1342 + h. Is g a prime number?
True
Suppose 5*y - 4*d = 19, -2*y + 7*d = 2*d - 11. Suppose -z = f - y*z - 3383, 4*f - 13553 = z. Is f prime?
True
Let n = -21802 + 36623. Is n composite?
False
Let d = 1 - 5. Is (-5*(-2)/d)/(6/(-996)) composite?
True
Suppose -27*m + 51862 - 373 = 0. Is m a composite number?
False
Suppose -2*d = -7*d + 15. Suppose -g - 2*s + 114 = 0, g - d*g - 5*s = -232. Is g composite?
True
Let k = -3186 - -13993. Is k prime?
False
Suppose 27 = 3*t - 0*t - 3*p, 2*p + 28 = 4*t. Suppose r = 3*i - 9, -t*i - 3*r = 2*r - 15. Suppose 714 = 3*n - 5*l, 4*l + 3 = i*l. Is n composite?
False
Let y be (0 - 0)*((-16)/12 - -1). Suppose -c - 14 + 232 = y. Is c prime?
False
Suppose 8*n - 30 = 2*n. Suppose 3*y = r + 1036, -3*r = n*y - 5*r - 1725. Is y a composite number?
False
Is 2*((-7)/(-28))/(1/38518) prime?
True
Let g(q) = -430*q - 229. Is g(-9) a composite number?
True
Let y(l) = -95*l - 121. Is y(-6) a composite number?
False
Let q = 12 + -9. Let z = q - -1. Suppose -z*m + 5*w + 407 - 164 = 0, -5*m = 5*w - 360. Is m composite?
False
Let j be -3 - -3 - -96 - 0. Suppose -7 = y - 4*v - j, -4*y - 3*v = -299. Is y composite?
True
Suppose 0 = -2*u - 3*x + 1761 + 3091, -4*x + 8 = 0. Suppose -4*b + u = 3*o, 913 = o - b + 103. Is o a composite number?
False
Let q = 4289 - 460. Suppose -q = -6*h - 607. Is h composite?
True
Let r(d) = -d + 6. Let n(u) = 7. Let o(a) = 4*n(a) - 5*r(a). Let g be o(6). Suppose 0 = w - 2*w + 2, -4*j + g = 2*w. Is j a composite number?
True
Suppose -3*v - 13 + 49 = 0. Let n be (80/v)/(1/(-3)). Let o = 169 + n. Is o a prime number?
True
Suppose -d - 4*n - 88 = -5*d, -2*n = 5*d - 89. Let v = -19 + d. Suppose b + v*b = 65. Is b a composite number?
True
Let r be (0 - 2/(-3))/((-80)/(-600)). Let l(g) = g**2 - g - 4. Let s be l(3). Is r/((-20)/(-446))*s prime?
True
Let b(p) = -9*p + 1. Let g be b(1). Let d be 2 + (-6 - 1)*(-4)/(-2). Is g/d*(-1035)/(-6) a composite number?
True
Let v(n) = n**3 - 29. Let w be v(0). Let u = -26 - w. Suppose -q - 8 = g - 31, 0 = u*q - 3*g - 81. Is q a prime number?
False
Suppose 3*n - 27*n + 1704 = 0. Is n composite?
False
Is (3 - (1 - 5)/4) + 443 prime?
False
Let w = 1526 + 7111. Is w prime?
False
Let a(j) = -7*j - 18. Let u be a(14). Let t = 266 + u. Let n = t - -829. Is n composite?
True
Let l(v) = -3*v**2 - 2*v + 13. Let d(n) = 10*n**2 + 5*n - 40. Let x(b) = -2*d(b) - 7*l(b). Let q be x(-10). Suppose -3*t - 10 + q = 0. Is t composite?
False
Suppose 20*l - 12744 = 465076. Is l a composite number?
True
Suppose -2*p + 0*p = -t + 4, 0 = 4*t + 4*p - 4. Let z be 32/(-560)*5 + 52/(-14). Is ((-1065)/6)/(t/z) composite?
True
Suppose 4*s - 1 - 7 = g, 4*g = -s + 19. Suppose -2114 = -4*f + g*l + 1902, -4*f = -2*l - 4022. Is f a prime number?
False
Let t = 19 + -34. Is ((-12)/t - 0)*970/4 prime?
False
Is (-2)/11 - (-5375250)/550 prime?
False
Let o(u) = -u**3 - 8*u**2 + 4*u + 10. Let i be o(-9). Let h = 169 - i. Suppose f + f - h = 0. Is f composite?
True
Let n be 3*2 + 0 + 3 + -4. Suppose 0 = n*i + 4 - 449. Is i composite?
False
Let b = -81 - -96. Suppose -3102 = -21*z + b*z. Is z composite?
True
Let w(p) = p**3 + 2*p**2 + 3*p + 2. Let f be w(-1). Suppose 2*b - 4 = -f*b. Suppose -b*g + 242 - 48 = 0. Is g composite?
False
Suppose -z + 2 = -2*q + 4*q, 2*q + 8 = 4*z. Is (4 + z)/12*826 composite?
True
Suppose z - 12 - 1 = -3*l, 5*l - 5*z - 15 = 0. Let r(i) = i**2 + i + 1. Let o(v) = -5*v**2 - 4*v + 91. Let f(h) = l*r(h) + o(h). Is f(0) a composite number?
True
Let i(k) = -4*k**3 - k - 3. Let h be i(3). Let l = -6 - -173. Let c = l + h. Is c composite?
False
Let z be 4/(-16) - ((-3)/(-4) + -1). Suppose m - 1175 = -s - z*m, 4*s - m - 4680 = 0. Is s prime?
True
Is ((-6)/(-9))/((-16)/(-185784)) prime?
True
Suppose -4*t + 9296 = 5*c - 12786, -3*c = -2*t - 13236. Is c prime?
False
Suppose 50 = 4*s + 5*f, s + 3*f - 39 = -2*s. Suppose -3*y - 3*z + s = y, -z = 5*y - 5. Suppose 0 = 5*x - 2*c - 5697, 2*c - 9 + 1 = y. Is x composite?
True
Suppose -3735 = -7*z - 8*z. Is z a prime number?
False
Suppose 0 = -2*w - 4*b + 24, -2*w - 5*b = -w - 21. Suppose 3*g - 2*d - w = 0, 2*g + 2 = -4*d + 22. Suppose 126 = g*o + 38. Is o a prime number?
False
Let s(i) = i**2 + 11*i + 21. Let o be s(-9). Let v = o - 0. Suppose c + 422 = v*c. Is c a composite number?
False
Let c(r) = 68*r**2 - 8*r - 503. Is c(-16) prime?
True
Is ((-17698)/(-1))/(260/390) composite?
True
Let n be -4 + (-3 - -1) + -4. Is (2/n)/(4/(-14020)) composite?
False
Suppose -5*p + 28063 = 3*n, -2*p - 42277 = -5*n + 4536. Suppose 4*v - n = 2407. Is v composite?
True
Is (-3)/(((-29435)/4907 + 6)*-3) composite?
False
Let x = 6448 + -3777. Is x a composite number?
False
Suppose 0 = -2*w - 7 - 27. Let o = -13 - w. Suppose -3*d - 77 = -4*z - 574, -d = o*z - 139. Is d composite?
True
Let m(a) = 19*a**2 + 2*a + 2. Let t be m(-8). Let v = -751 + t. Is v composite?
True
Let v be -2 - (-22 - (-20)/4). Suppose 4*w - v = 1, 4*c - 3*w = 7832. Is c a composite number?
True
Suppose -4*q - 8170 = 3*f, -3*q = 14 - 2. Let l = f - -5423. Is l a composite number?
True
Suppose -15*s - 20 = -19*s. Let q = s - -9. Is q composite?
True
Suppose 5 = 5*k, 4*k = -6*v + 3*v + 20719. Is v a composite number?
True
Let m(v) = 12*v**3 - 3*v**2 + 11*v - 3. Is m(5) composite?
True
Let x(u) = -u**2 + u + 5. Let n be x(3). Let i(c) = -80*c**3 - 2*c**2 + 1. Is i(n) a prime number?
True
Let i be ((-3396)/8*12)/((-2)/7). Suppose 1043 = 8*z - i. Is z a prime number?
False
Let w(i) = 12*i**2 - 4*i + 4. Let v be w(3). Suppose -v = -a + 1345. Suppose 4*h - 9*h + a = 0. Is h a composite number?
True
Let a = 211 - -424. Is a a prime number?
False
Let k be (-102)/9 - 2/3. Let v(l) = -l**3 - 11*l**2 - 23*l - 13. Is v(k) a prime number?
False
Let j = 427 - -262. Is j prime?
False
Let l(b) = 184*b - 75. Is l(14) composite?
True
Suppose 24*f - 88503 = 90945. Is f composite?
False
Let u = -413 + 927. Suppose -5*v + s - 61 + 703 = 0, s + u = 4*v. Let k = 397 - v. Is k composite?
False
Let h(t) = 78*t**2 - 3*t + 32. Is h(-6) a prime number?
False
Let m be (-6)/(-33) + 2*(-476)/(-88). Is (-315445)/(-253) - (-1 - (-9)/m) prime?
False
Let k(o) = 48*o - 26. Let u be k(13). Suppose -664 - u = -2*s. Is s prime?
True
Suppose 4*k = 7*k - 21. Let o(y) = 4*y**2 + 8*y + 1. Is o(k) a composite number?
True
Suppose a - 4315 = -482. Is a composite?
False
Let o = -2380 + 7507. Is o prime?
False
Suppose -3*y = 4*o + y - 73588, 2*o - 4*y - 36788 = 0. Suppose -3*m - 1639 + o = 5*p, 3*p = 12. Is m a prime number?
False
Let u(y) = -1 + 17*y - 5 - 6 + 12*y. Is u(11) a prime number?
True
Let x = 1748 - 1165. Is x a prime number?
False
Suppose -5*w = -0*w - 2*z - 70, 5*w + z - 70 = 0. Is -42*1*(-7)/w a prime number?
False
Suppose 5*c - 6*i - 36757 = -2*i, -2*i = 6. Is c composite?
False
Let y(j) = -1146*j - 665. Is y(-23) a prime number?
True
Suppose 5*t + 2 + 0 = a, 4*a = -t + 8. Suppose t = 3*v + 22 - 64. Is (v/6)/(12/2196) a composite number?
True
Suppose -3*w - 47 - 7 = 0. Let k be 1/2 + (-2835)/w. Suppose k = 2*j + 48. Is j a prime number?
False
Let s(z) = -2*z**2 + 5 + 0*z**3 + 3*z**2 - z - z**3. Suppose -24 = 2*a + 2*a. Is s(a) composite?
False
Suppose -23*q + 28845 + 14464 = 0. Is q prime?
False
Let s = -349 + 570. Is s a composite number?
True
Let a be (-95)/(-35) + 2/7. Let p be -6*(-1)/a*1. Let r = 81 + p. Is r a prime number?
True
Suppose 3 - 8 = 5*y. Is -3 + 27 - (2 + y) a prime number?
True
Let h = -33 - -35. Suppose h*v + 3*u - 2818 = -2*u, 0 = -3*v - 4*u + 4213. Is v a prime number?
True
Let i(s) = 5*s**2 + 2*s + 2. Let t be i(-2). Let x be (-2)/6 - (-1860)/t. Let z = -38 + x. Is z a prime number?
False
Suppose -30844 = -p - 4*p + 3*t, 3*t + 9 = 0. Suppose 51 + p = 2*h. Is h prime?
True
Suppose 11*x + 3*x - 40586 = 0. Let v = -1502 + x. Is v prime?
False
Let n(r) = -3*r**3 - 44*r**2 - 26*r - 239. Is n(-40) a prime number?
True
Let a(u) be the third derivative of 7/6*u**3 - 7/60*u**5 + 2*u**2 + 1/3*u**4 - 1/120*u**6 + 0*u + 0. Is a(-8) a prime number?
True
Let r(v) = 3*v**3 - 17*v**2 + 19*v - 12. Is r(7) a prime number?
True
Suppose 5*z - 1840 = 3135. Let f = -154 + z. Is f composite?